{"id":3343,"date":"2020-03-11T10:20:34","date_gmt":"2020-03-11T10:20:34","guid":{"rendered":"https:\/\/www.suoredellepoverelle.it\/ita\/?page_id=3343"},"modified":"2025-04-08T09:38:37","modified_gmt":"2025-04-08T09:38:37","slug":"fondatore","status":"publish","type":"page","link":"https:\/\/www.suoredellepoverelle.it\/ita\/fondatore\/","title":{"rendered":"Fondatore"},"content":{"rendered":"<div class=\"fusion-fullwidth fullwidth-box fusion-builder-row-1 fusion-flex-container nonhundred-percent-fullwidth non-hundred-percent-height-scrolling\" style=\"--awb-border-radius-top-left:0px;--awb-border-radius-top-right:0px;--awb-border-radius-bottom-right:0px;--awb-border-radius-bottom-left:0px;--awb-flex-wrap:wrap;\" ><div class=\"fusion-builder-row fusion-row fusion-flex-align-items-flex-start fusion-flex-content-wrap\" style=\"max-width:1216.8px;margin-left: calc(-4% \/ 2 );margin-right: calc(-4% \/ 2 );\"><div class=\"fusion-layout-column fusion_builder_column fusion-builder-column-0 fusion_builder_column_1_1 1_1 fusion-flex-column\" style=\"--awb-bg-size:cover;--awb-width-large:100%;--awb-margin-top-large:0px;--awb-spacing-right-large:1.92%;--awb-margin-bottom-large:20px;--awb-spacing-left-large:1.92%;--awb-width-medium:100%;--awb-order-medium:0;--awb-spacing-right-medium:1.92%;--awb-spacing-left-medium:1.92%;--awb-width-small:100%;--awb-order-small:0;--awb-spacing-right-small:1.92%;--awb-spacing-left-small:1.92%;\"><div class=\"fusion-column-wrapper fusion-column-has-shadow fusion-flex-justify-content-flex-start fusion-content-layout-column\"><div class=\"fusion-title title fusion-title-1 fusion-title-text fusion-title-size-two\"><div class=\"title-sep-container title-sep-container-left fusion-no-large-visibility fusion-no-medium-visibility fusion-no-small-visibility\"><div class=\"title-sep sep- sep-solid\" style=\"border-color:#e2e2e2;\"><\/div><\/div><span class=\"awb-title-spacer fusion-no-large-visibility fusion-no-medium-visibility fusion-no-small-visibility\"><\/span><h2 class=\"fusion-title-heading title-heading-left fusion-responsive-typography-calculated\" style=\"margin:0;--fontSize:48;line-height:1.2;\">Luigi Maria Palazzolo<\/h2><span class=\"awb-title-spacer\"><\/span><div class=\"title-sep-container title-sep-container-right\"><div class=\"title-sep sep- sep-solid\" style=\"border-color:#e2e2e2;\"><\/div><\/div><\/div><div class=\"fusion-separator fusion-full-width-sep\" style=\"align-self: center;margin-left: auto;margin-right: auto;margin-bottom:50px;width:100%;\"><div class=\"fusion-separator-border sep-double sep-solid\" style=\"--awb-height:20px;--awb-amount:20px;border-color:#e0dede;border-top-width:1px;border-bottom-width:1px;\"><\/div><\/div><\/div><\/div><div class=\"fusion-layout-column fusion_builder_column fusion-builder-column-1 fusion_builder_column_2_5 2_5 fusion-flex-column\" style=\"--awb-bg-image:url(&#039;https:\/\/www.suoredellepoverelle.it\/ita\/wp-content\/uploads\/2021\/01\/PalazzoloPage1.jpg&#039;);--awb-bg-size:cover;--awb-width-large:40%;--awb-margin-top-large:0px;--awb-spacing-right-large:4.8%;--awb-margin-bottom-large:20px;--awb-spacing-left-large:4.8%;--awb-width-medium:100%;--awb-order-medium:0;--awb-spacing-right-medium:1.92%;--awb-spacing-left-medium:1.92%;--awb-width-small:100%;--awb-order-small:0;--awb-spacing-right-small:1.92%;--awb-spacing-left-small:1.92%;\"><div class=\"fusion-column-wrapper fusion-column-has-shadow fusion-flex-justify-content-flex-start fusion-content-layout-column fusion-empty-column-bg-image fusion-column-has-bg-image\" data-bg-url=\"https:\/\/www.suoredellepoverelle.it\/ita\/wp-content\/uploads\/2021\/01\/PalazzoloPage1.jpg\"><img decoding=\"async\" class=\"fusion-empty-dims-img-placeholder\" aria-label=\"PalazzoloPage1\" src=\"data:image\/svg+xml,%3Csvg%20xmlns%3D%27http%3A%2F%2Fwww.w3.org%2F2000%2Fsvg%27%20width%3D%27900%27%20height%3D%271600%27%20viewBox%3D%270%200%20900%201600%27%3E%3Crect%20width%3D%27900%27%20height%3D%271600%27%20fill-opacity%3D%220%22%2F%3E%3C%2Fsvg%3E\"><\/div><\/div><div class=\"fusion-layout-column fusion_builder_column fusion-builder-column-2 fusion_builder_column_3_5 3_5 fusion-flex-column\" style=\"--awb-bg-size:cover;--awb-width-large:60%;--awb-margin-top-large:0px;--awb-spacing-right-large:3.2%;--awb-margin-bottom-large:20px;--awb-spacing-left-large:3.2%;--awb-width-medium:100%;--awb-order-medium:0;--awb-spacing-right-medium:1.92%;--awb-spacing-left-medium:1.92%;--awb-width-small:100%;--awb-order-small:0;--awb-spacing-right-small:1.92%;--awb-spacing-left-small:1.92%;\"><div class=\"fusion-column-wrapper fusion-column-has-shadow fusion-flex-justify-content-flex-start fusion-content-layout-column\"><div class=\"fusion-video fusion-youtube\" style=\"--awb-max-width:600px;--awb-max-height:360px;--awb-align-self:center;--awb-width:100%;\"><div class=\"video-shortcode\"><div class=\"fluid-width-video-wrapper\" style=\"padding-top:60%;\" ><iframe title=\"YouTube video player 1\" src=\"https:\/\/www.youtube.com\/embed\/eWdmOeod63Q?wmode=transparent&autoplay=0\" width=\"600\" height=\"360\" allowfullscreen allow=\"autoplay; clipboard-write; encrypted-media; gyroscope; picture-in-picture;\"><\/iframe><\/div><\/div><\/div><div class=\"fusion-separator fusion-full-width-sep\" style=\"align-self: center;margin-left: auto;margin-right: auto;margin-bottom:50px;width:100%;\"><div class=\"fusion-separator-border sep-double sep-solid\" style=\"--awb-height:20px;--awb-amount:20px;border-color:#e0dede;border-top-width:1px;border-bottom-width:1px;\"><\/div><\/div><div class=\"fusion-text fusion-text-1\"><p style=\"text-align: justify;\">Luigi Maria Palazzolo nasce a Bergamo il 10 dicembre 1827 in una famiglia benestante.\u00a0Fin da bambino esprime una spiccata sensibilit\u00e0 verso i pi\u00f9 poveri.<\/p>\n<p style=\"text-align: justify;\">Diventa sacerdote e potrebbe dedicarsi ad un ministero tranquillo e gratificante, continuando a vivere nel suo agiato contesto familiare. Decide invece di spendere a piene mani il suo entusiasmo nell\u2019oratorio della Foppa, un vicolo periferico e poverissimo della citt\u00e0 dove egli trasferisce anche la sua abitazione, deciso a \u201cfare famiglia con i poveri\u201d.\u00a0Il suo vivere \u00e8 un continuo aprirsi a nuove situazioni di bisogno, che il Vescovo e la vita stessa gli presentano: bambini orfani e abbandonati e a volte perfino venduti dai parenti\u2026<\/p>\n<p style=\"text-align: justify;\">\u2026ragazze sfruttate nelle filande, famiglie numerose e poverissime, malati poveri impossibilitati ad accedere alle cure dell\u2019ospedale, giovani e adulti analfabeti\u2026<\/p>\n<p style=\"text-align: justify;\">Il programma operativo che a poco a poco si delinea per lui, si condensa in una sua caratteristica frase, forte ed efficace: \u201cIo cerco e raccolgo il rifiuto di tutti gli altri, perch\u00e9 dove altri provvede lo fa assai meglio di quello che io potrei fare, ma dove altri non pu\u00f2 giungere cerco di fare qualcosa io cos\u00ec come posso\u201d.\u00a0L\u2019amore verso i pi\u00f9 poveri sgorga dalla sua quotidiana scoperta e contemplazione dell\u2019amore di un \u201cDio Padre amabile infinito\u201d, che si \u00e8 reso visibile a noi in \u201cGes\u00f9 che muore ignudo sulla croce\u201d.<\/p>\n<\/div><\/div><\/div><div class=\"fusion-layout-column fusion_builder_column fusion-builder-column-3 fusion_builder_column_3_5 3_5 fusion-flex-column\" style=\"--awb-bg-size:cover;--awb-width-large:60%;--awb-margin-top-large:0px;--awb-spacing-right-large:3.2%;--awb-margin-bottom-large:20px;--awb-spacing-left-large:3.2%;--awb-width-medium:100%;--awb-order-medium:0;--awb-spacing-right-medium:1.92%;--awb-spacing-left-medium:1.92%;--awb-width-small:100%;--awb-order-small:0;--awb-spacing-right-small:1.92%;--awb-spacing-left-small:1.92%;\"><div class=\"fusion-column-wrapper fusion-column-has-shadow fusion-flex-justify-content-flex-start fusion-content-layout-column\"><div class=\"fusion-text fusion-text-2\"><p style=\"text-align: justify;\">Don Luigi vive in modo forte questa esperienza contemplativa nel luglio 1869, durante un corso di Esercizi spirituali a Roma e si fa discepolo dell\u2019Amore-Crocifisso in una coerenza di vita senza riserve: infatti si fa povero, poverissimo, spogliandosi di ogni suo avere per i poveri, e lo fa secondo lo stile di Ges\u00f9, ponendosi a servizio degli ultimi, condividendo nella semplicit\u00e0 e concretezza del quotidiano le fatiche e le speranze dei poveri.<\/p>\n<p style=\"text-align: justify;\">Le richieste di aiuto aumentano e don Luigi cerca di moltiplicare cuore e braccia. Incontro davvero fortunato e certamente guidato dalla Provvidenza \u00e8 quello con Teresa Gabrieli, una giovane maestra indicatagli dal suo direttore spirituale: donna di grande virt\u00f9, saggezza e sensibilit\u00e0 verso i poveri.<\/p>\n<p style=\"text-align: justify;\">A lei il Palazzolo propone di condividere la sua avventura di carit\u00e0.<\/p>\n<p>Luigi Maria Palazzolo muore il 15 giugno 1886 e viene dichiarato \u201cbeato\u201d dal suo conterraneo ed estimatore papa Giovanni XXIII il 19 marzo 1963. Il 15 maggio 2022 viene proclamato Santo da Papa Francesco.<\/p>\n<\/div><div class=\"fusion-text fusion-text-3\"><p><span style=\"color: #ff6600;\"><strong>Ascolta il nuovo inno di San Luigi Palazzolo<\/strong><\/span><\/p>\n<\/div><div class=\"fusion-audio fusion-audio-1\" style=\"--awb-progress-color:#ffffff;--awb-border-color:var(--awb-color1);--awb-background-color:#222222;--awb-max-width:100%;--awb-border-size:0;--awb-border-top-left-radius:0px;--awb-border-top-right-radius:0px;--awb-border-bottom-right-radius:0px;--awb-border-bottom-left-radius:0px;\"><audio class=\"wp-audio-shortcode\" id=\"audio-3343-1\" preload=\"none\" style=\"width: 100%;\" controls=\"controls\"><source type=\"audio\/mpeg\" src=\"https:\/\/www.suoredellepoverelle.it\/ita\/wp-content\/uploads\/2022\/04\/Frisina-Inno-al-Palazzolo-Coro-del-Conservatorio-G.-Donizetti-di-Bergamo.mp3?_=1\" \/><a href=\"https:\/\/www.suoredellepoverelle.it\/ita\/wp-content\/uploads\/2022\/04\/Frisina-Inno-al-Palazzolo-Coro-del-Conservatorio-G.-Donizetti-di-Bergamo.mp3\">https:\/\/www.suoredellepoverelle.it\/ita\/wp-content\/uploads\/2022\/04\/Frisina-Inno-al-Palazzolo-Coro-del-Conservatorio-G.-Donizetti-di-Bergamo.mp3<\/a><\/audio><\/div><\/div><\/div><div class=\"fusion-layout-column fusion_builder_column fusion-builder-column-4 fusion_builder_column_2_5 2_5 fusion-flex-column\" style=\"--awb-bg-image:url(&#039;https:\/\/www.suoredellepoverelle.it\/ita\/wp-content\/uploads\/2021\/01\/PalazzoloPage3.jpg&#039;);--awb-bg-size:cover;--awb-width-large:40%;--awb-margin-top-large:0px;--awb-spacing-right-large:4.8%;--awb-margin-bottom-large:20px;--awb-spacing-left-large:4.8%;--awb-width-medium:100%;--awb-order-medium:0;--awb-spacing-right-medium:1.92%;--awb-spacing-left-medium:1.92%;--awb-width-small:100%;--awb-order-small:0;--awb-spacing-right-small:1.92%;--awb-spacing-left-small:1.92%;\"><div class=\"fusion-column-wrapper fusion-column-has-shadow fusion-flex-justify-content-flex-start fusion-content-layout-column fusion-empty-column-bg-image fusion-column-has-bg-image\" data-bg-url=\"https:\/\/www.suoredellepoverelle.it\/ita\/wp-content\/uploads\/2021\/01\/PalazzoloPage3.jpg\"><img decoding=\"async\" class=\"fusion-empty-dims-img-placeholder\" aria-label=\"PalazzoloPage3\" src=\"data:image\/svg+xml,%3Csvg%20xmlns%3D%27http%3A%2F%2Fwww.w3.org%2F2000%2Fsvg%27%20width%3D%27900%27%20height%3D%27900%27%20viewBox%3D%270%200%20900%20900%27%3E%3Crect%20width%3D%27900%27%20height%3D%27900%27%20fill-opacity%3D%220%22%2F%3E%3C%2Fsvg%3E\"><\/div><\/div><\/div><\/div>\n","protected":false},"excerpt":{"rendered":"","protected":false},"author":1,"featured_media":0,"parent":0,"menu_order":0,"comment_status":"closed","ping_status":"closed","template":"100-width.php","meta":{"om_disable_all_campaigns":false,"_monsterinsights_skip_tracking":false,"_monsterinsights_sitenote_active":false,"_monsterinsights_sitenote_note":"","_monsterinsights_sitenote_category":0,"_price":"","_stock":"","_tribe_ticket_header":"","_tribe_default_ticket_provider":"","_ticket_start_date":"","_ticket_end_date":"","_tribe_ticket_show_description":"","_tribe_ticket_show_not_going":false,"_tribe_ticket_use_global_stock":"","_tribe_ticket_global_stock_level":"","_global_stock_mode":"","_global_stock_cap":"","_tribe_rsvp_for_event":"","_tribe_ticket_going_count":"","_tribe_ticket_not_going_count":"","_tribe_tickets_list":"[]","_tribe_ticket_has_attendee_info_fields":false,"footnotes":"","_tec_slr_enabled":"","_tec_slr_layout":""},"class_list":["post-3343","page","type-page","status-publish","hentry"],"aioseo_notices":[],"ticketed":false,"_links":{"self":[{"href":"https:\/\/www.suoredellepoverelle.it\/ita\/wp-json\/wp\/v2\/pages\/3343","targetHints":{"allow":["GET"]}}],"collection":[{"href":"https:\/\/www.suoredellepoverelle.it\/ita\/wp-json\/wp\/v2\/pages"}],"about":[{"href":"https:\/\/www.suoredellepoverelle.it\/ita\/wp-json\/wp\/v2\/types\/page"}],"author":[{"embeddable":true,"href":"https:\/\/www.suoredellepoverelle.it\/ita\/wp-json\/wp\/v2\/users\/1"}],"replies":[{"embeddable":true,"href":"https:\/\/www.suoredellepoverelle.it\/ita\/wp-json\/wp\/v2\/comments?post=3343"}],"version-history":[{"count":24,"href":"https:\/\/www.suoredellepoverelle.it\/ita\/wp-json\/wp\/v2\/pages\/3343\/revisions"}],"predecessor-version":[{"id":9208,"href":"https:\/\/www.suoredellepoverelle.it\/ita\/wp-json\/wp\/v2\/pages\/3343\/revisions\/9208"}],"wp:attachment":[{"href":"https:\/\/www.suoredellepoverelle.it\/ita\/wp-json\/wp\/v2\/media?parent=3343"}],"curies":[{"name":"wp","href":"https:\/\/api.w.org\/{rel}","templated":true}]}}

<div class="fusion-fullwidth fullwidth-box fusion-builder-row-1 fusion-flex-container nonhundred-percent-fullwidth non-hundred-percent-height-scrolling" style="--awb-border-radius-top-left:0px;--awb-border-radius-top-right:0px;--awb-border-radius-bottom-right:0px;--awb-border-radius-bottom-left:0px;--awb-flex-wrap:wrap;" ><div class="fusion-builder-row fusion-row fusion-flex-align-items-flex-start fusion-flex-content-wrap" style="max-width:1216.8px;margin-left: calc(-4% / 2 );margin-right: calc(-4% / 2 );"><div class="fusion-layout-column fusion_builder_column fusion-builder-column-0 fusion_builder_column_1_1 1_1 fusion-flex-column" style="--awb-bg-size:cover;--awb-width-large:100%;--awb-margin-top-large:0px;--awb-spacing-right-large:1.92%;--awb-margin-bottom-large:20px;--awb-spacing-left-large:1.92%;--awb-width-medium:100%;--awb-order-medium:0;--awb-spacing-right-medium:1.92%;--awb-spacing-left-medium:1.92%;--awb-width-small:100%;--awb-order-small:0;--awb-spacing-right-small:1.92%;--awb-spacing-left-small:1.92%;"><div class="fusion-column-wrapper fusion-column-has-shadow fusion-flex-justify-content-flex-start fusion-content-layout-column"><div class="fusion-title title fusion-title-1 fusion-title-text fusion-title-size-two"><div class="title-sep-container title-sep-container-left fusion-no-large-visibility fusion-no-medium-visibility fusion-no-small-visibility"><div class="title-sep sep- sep-solid" style="border-color:#e2e2e2;"></div></div><span class="awb-title-spacer fusion-no-large-visibility fusion-no-medium-visibility fusion-no-small-visibility"></span><h2 class="fusion-title-heading title-heading-left fusion-responsive-typography-calculated" style="margin:0;--fontSize:48;line-height:1.2;">Luigi Maria Palazzolo</h2><span class="awb-title-spacer"></span><div class="title-sep-container title-sep-container-right"><div class="title-sep sep- sep-solid" style="border-color:#e2e2e2;"></div></div></div><div class="fusion-separator fusion-full-width-sep" style="align-self: center;margin-left: auto;margin-right: auto;margin-bottom:50px;width:100%;"><div class="fusion-separator-border sep-double sep-solid" style="--awb-height:20px;--awb-amount:20px;border-color:#e0dede;border-top-width:1px;border-bottom-width:1px;"></div></div></div></div><div class="fusion-layout-column fusion_builder_column fusion-builder-column-1 fusion_builder_column_2_5 2_5 fusion-flex-column" style="--awb-bg-image:url(&#039;https://www.suoredellepoverelle.it/ita/wp-content/uploads/2021/01/PalazzoloPage1.jpg&#039;);--awb-bg-size:cover;--awb-width-large:40%;--awb-margin-top-large:0px;--awb-spacing-right-large:4.8%;--awb-margin-bottom-large:20px;--awb-spacing-left-large:4.8%;--awb-width-medium:100%;--awb-order-medium:0;--awb-spacing-right-medium:1.92%;--awb-spacing-left-medium:1.92%;--awb-width-small:100%;--awb-order-small:0;--awb-spacing-right-small:1.92%;--awb-spacing-left-small:1.92%;"><div class="fusion-column-wrapper fusion-column-has-shadow fusion-flex-justify-content-flex-start fusion-content-layout-column fusion-empty-column-bg-image fusion-column-has-bg-image" data-bg-url="https://www.suoredellepoverelle.it/ita/wp-content/uploads/2021/01/PalazzoloPage1.jpg"><img decoding="async" class="fusion-empty-dims-img-placeholder" aria-label="PalazzoloPage1" src="data:image/svg+xml,%3Csvg%20xmlns%3D%27http%3A%2F%2Fwww.w3.org%2F2000%2Fsvg%27%20width%3D%27900%27%20height%3D%271600%27%20viewBox%3D%270%200%20900%201600%27%3E%3Crect%20width%3D%27900%27%20height%3D%271600%27%20fill-opacity%3D%220%22%2F%3E%3C%2Fsvg%3E"></div></div><div class="fusion-layout-column fusion_builder_column fusion-builder-column-2 fusion_builder_column_3_5 3_5 fusion-flex-column" style="--awb-bg-size:cover;--awb-width-large:60%;--awb-margin-top-large:0px;--awb-spacing-right-large:3.2%;--awb-margin-bottom-large:20px;--awb-spacing-left-large:3.2%;--awb-width-medium:100%;--awb-order-medium:0;--awb-spacing-right-medium:1.92%;--awb-spacing-left-medium:1.92%;--awb-width-small:100%;--awb-order-small:0;--awb-spacing-right-small:1.92%;--awb-spacing-left-small:1.92%;"><div class="fusion-column-wrapper fusion-column-has-shadow fusion-flex-justify-content-flex-start fusion-content-layout-column"><div class="fusion-video fusion-youtube" style="--awb-max-width:600px;--awb-max-height:360px;--awb-align-self:center;--awb-width:100%;"><div class="video-shortcode"><div class="fluid-width-video-wrapper" style="padding-top:60%;" ><iframe title="YouTube video player 1" src="https://www.youtube.com/embed/eWdmOeod63Q?wmode=transparent&autoplay=0" width="600" height="360" allowfullscreen allow="autoplay; clipboard-write; encrypted-media; gyroscope; picture-in-picture;"></iframe></div></div></div><div class="fusion-separator fusion-full-width-sep" style="align-self: center;margin-left: auto;margin-right: auto;margin-bottom:50px;width:100%;"><div class="fusion-separator-border sep-double sep-solid" style="--awb-height:20px;--awb-amount:20px;border-color:#e0dede;border-top-width:1px;border-bottom-width:1px;"></div></div><div class="fusion-text fusion-text-1"><p style="text-align: justify;">Luigi Maria Palazzolo nasce a Bergamo il 10 dicembre 1827 in una famiglia benestante. Fin da bambino esprime una spiccata sensibilità verso i più poveri.</p>
<p style="text-align: justify;">Diventa sacerdote e potrebbe dedicarsi ad un ministero tranquillo e gratificante, continuando a vivere nel suo agiato contesto familiare. Decide invece di spendere a piene mani il suo entusiasmo nell’oratorio della Foppa, un vicolo periferico e poverissimo della città dove egli trasferisce anche la sua abitazione, deciso a “fare famiglia con i poveri”. Il suo vivere è un continuo aprirsi a nuove situazioni di bisogno, che il Vescovo e la vita stessa gli presentano: bambini orfani e abbandonati e a volte perfino venduti dai parenti…</p>
<p style="text-align: justify;">…ragazze sfruttate nelle filande, famiglie numerose e poverissime, malati poveri impossibilitati ad accedere alle cure dell’ospedale, giovani e adulti analfabeti…</p>
<p style="text-align: justify;">Il programma operativo che a poco a poco si delinea per lui, si condensa in una sua caratteristica frase, forte ed efficace: “Io cerco e raccolgo il rifiuto di tutti gli altri, perché dove altri provvede lo fa assai meglio di quello che io potrei fare, ma dove altri non può giungere cerco di fare qualcosa io così come posso”. L’amore verso i più poveri sgorga dalla sua quotidiana scoperta e contemplazione dell’amore di un “Dio Padre amabile infinito”, che si è reso visibile a noi in “Gesù che muore ignudo sulla croce”.</p>
</div></div></div><div class="fusion-layout-column fusion_builder_column fusion-builder-column-3 fusion_builder_column_3_5 3_5 fusion-flex-column" style="--awb-bg-size:cover;--awb-width-large:60%;--awb-margin-top-large:0px;--awb-spacing-right-large:3.2%;--awb-margin-bottom-large:20px;--awb-spacing-left-large:3.2%;--awb-width-medium:100%;--awb-order-medium:0;--awb-spacing-right-medium:1.92%;--awb-spacing-left-medium:1.92%;--awb-width-small:100%;--awb-order-small:0;--awb-spacing-right-small:1.92%;--awb-spacing-left-small:1.92%;"><div class="fusion-column-wrapper fusion-column-has-shadow fusion-flex-justify-content-flex-start fusion-content-layout-column"><div class="fusion-text fusion-text-2"><p style="text-align: justify;">Don Luigi vive in modo forte questa esperienza contemplativa nel luglio 1869, durante un corso di Esercizi spirituali a Roma e si fa discepolo dell’Amore-Crocifisso in una coerenza di vita senza riserve: infatti si fa povero, poverissimo, spogliandosi di ogni suo avere per i poveri, e lo fa secondo lo stile di Gesù, ponendosi a servizio degli ultimi, condividendo nella semplicità e concretezza del quotidiano le fatiche e le speranze dei poveri.</p>
<p style="text-align: justify;">Le richieste di aiuto aumentano e don Luigi cerca di moltiplicare cuore e braccia. Incontro davvero fortunato e certamente guidato dalla Provvidenza è quello con Teresa Gabrieli, una giovane maestra indicatagli dal suo direttore spirituale: donna di grande virtù, saggezza e sensibilità verso i poveri.</p>
<p style="text-align: justify;">A lei il Palazzolo propone di condividere la sua avventura di carità.</p>
<p>Luigi Maria Palazzolo muore il 15 giugno 1886 e viene dichiarato “beato” dal suo conterraneo ed estimatore papa Giovanni XXIII il 19 marzo 1963. Il 15 maggio 2022 viene proclamato Santo da Papa Francesco.</p>
</div><div class="fusion-text fusion-text-3"><p><span style="color: #ff6600;"><strong>Ascolta il nuovo inno di San Luigi Palazzolo</strong></span></p>
</div><div class="fusion-audio fusion-audio-1" style="--awb-progress-color:#ffffff;--awb-border-color:var(--awb-color1);--awb-background-color:#222222;--awb-max-width:100%;--awb-border-size:0;--awb-border-top-left-radius:0px;--awb-border-top-right-radius:0px;--awb-border-bottom-right-radius:0px;--awb-border-bottom-left-radius:0px;"><audio class="wp-audio-shortcode" id="audio-3343-1" preload="none" style="width: 100%;" controls="controls"><source type="audio/mpeg" src="https://www.suoredellepoverelle.it/ita/wp-content/uploads/2022/04/Frisina-Inno-al-Palazzolo-Coro-del-Conservatorio-G.-Donizetti-di-Bergamo.mp3?_=1" /><a href="https://www.suoredellepoverelle.it/ita/wp-content/uploads/2022/04/Frisina-Inno-al-Palazzolo-Coro-del-Conservatorio-G.-Donizetti-di-Bergamo.mp3">https://www.suoredellepoverelle.it/ita/wp-content/uploads/2022/04/Frisina-Inno-al-Palazzolo-Coro-del-Conservatorio-G.-Donizetti-di-Bergamo.mp3</a></audio></div></div></div><div class="fusion-layout-column fusion_builder_column fusion-builder-column-4 fusion_builder_column_2_5 2_5 fusion-flex-column" style="--awb-bg-image:url(&#039;https://www.suoredellepoverelle.it/ita/wp-content/uploads/2021/01/PalazzoloPage3.jpg&#039;);--awb-bg-size:cover;--awb-width-large:40%;--awb-margin-top-large:0px;--awb-spacing-right-large:4.8%;--awb-margin-bottom-large:20px;--awb-spacing-left-large:4.8%;--awb-width-medium:100%;--awb-order-medium:0;--awb-spacing-right-medium:1.92%;--awb-spacing-left-medium:1.92%;--awb-width-small:100%;--awb-order-small:0;--awb-spacing-right-small:1.92%;--awb-spacing-left-small:1.92%;"><div class="fusion-column-wrapper fusion-column-has-shadow fusion-flex-justify-content-flex-start fusion-content-layout-column fusion-empty-column-bg-image fusion-column-has-bg-image" data-bg-url="https://www.suoredellepoverelle.it/ita/wp-content/uploads/2021/01/PalazzoloPage3.jpg"><img decoding="async" class="fusion-empty-dims-img-placeholder" aria-label="PalazzoloPage3" src="data:image/svg+xml,%3Csvg%20xmlns%3D%27http%3A%2F%2Fwww.w3.org%2F2000%2Fsvg%27%20width%3D%27900%27%20height%3D%27900%27%20viewBox%3D%270%200%20900%20900%27%3E%3Crect%20width%3D%27900%27%20height%3D%27900%27%20fill-opacity%3D%220%22%2F%3E%3C%2Fsvg%3E"></div></div></div></div>
